{"id":762,"date":"2018-02-07T12:43:01","date_gmt":"2018-02-07T11:43:01","guid":{"rendered":"http:\/\/edv-schramek.de\/2018\/?page_id=762"},"modified":"2022-08-27T21:31:44","modified_gmt":"2022-08-27T19:31:44","slug":"home","status":"publish","type":"page","link":"https:\/\/edv-schramek.eu\/2018\/home\/","title":{"rendered":"Home"},"content":{"rendered":"\n[et_pb_section fb_built=&#8220;1&#8243; _builder_version=&#8220;3.22&#8243;][et_pb_row _builder_version=&#8220;3.25&#8243;][et_pb_column type=&#8220;4_4&#8243; _builder_version=&#8220;3.25&#8243; custom_padding=&#8220;|||&#8220; custom_padding__hover=&#8220;|||&#8220;][et_pb_accordion _builder_version=&#8220;3.0.100&#8243;][\/et_pb_accordion][et_pb_blurb title=&#8220;Herzlich willkommen&#8220; _builder_version=&#8220;3.0.105&#8243;]<p>Wir sind ein dynamisches Dienstleistungsunternehmen und bieten Ihnen schnellen Service bei Ihrer EDV. Ihre Bed\u00fcrfnisse stehen bei uns an erster Stelle.<\/p>\n<p>Wir bieten Ihnen alles aus einer Hand. Von der Hardware \u00fcber die Software, wie zum Beispiel Warenwirtschaft, Finanzbuchhaltung, Cloud-Telefonie, \u00fcber Zeiterfassung, bis hin zur Zutrittskontrolle.<\/p>\n<p>Wir pflegen und warten auch Ihr Netzwerk.<\/p>\n<p>F\u00fcr Ihre Fragen stehen wir Ihnen auch gerne pers\u00f6nlich zur Verf\u00fcgung.<\/p>\n<p style=\"text-align: center;\"><span><\/span><\/p>[\/et_pb_blurb][et_pb_accordion _builder_version=&#8220;3.0.100&#8243;][\/et_pb_accordion][\/et_pb_column][\/et_pb_row][et_pb_row _builder_version=&#8220;4.4.1&#8243; column_structure=&#8220;1_3,1_3,1_3&#8243;][et_pb_column _builder_version=&#8220;4.4.1&#8243; type=&#8220;1_3&#8243;][et_pb_blurb title=&#8220;Ihr Partner f\u00fcr Home-Office&#8220; image=&#8220;https:\/\/edv-schramek.eu\/2018\/wp-content\/uploads\/2020\/03\/business-man-2452808_640.jpg&#8220; _builder_version=&#8220;4.4.1&#8243; hover_enabled=&#8220;0&#8243; image_max_width=&#8220;59%&#8220; url=&#8220;@ET-DC@eyJkeW5hbWljIjp0cnVlLCJjb250ZW50IjoicG9zdF9saW5rX3VybF9wYWdlIiwic2V0dGluZ3MiOnsicG9zdF9pZCI6Ijk5NSJ9fQ==@&#8220; _dynamic_attributes=&#8220;url&#8220;]<p style=\"text-align: center;\">Wir sind Ihr Partner zum Einrichten von Ihrem Home-Office<\/p>[\/et_pb_blurb][\/et_pb_column][et_pb_column _builder_version=&#8220;4.4.1&#8243; type=&#8220;1_3&#8243;][\/et_pb_column][et_pb_column _builder_version=&#8220;4.4.1&#8243; type=&#8220;1_3&#8243;][et_pb_blurb image=&#8220;https:\/\/edv-schramek.eu\/2018\/wp-content\/uploads\/2019\/02\/Logo-TERRA-Partner_Pfad-e1549387517246.jpg&#8220; _builder_version=&#8220;4.4.1&#8243; hover_enabled=&#8220;0&#8243;]<p style=\"text-align: center;\"><span>Wir sind Partner der\u00a0<\/span><a href=\"http:\/\/wortmann.de\/\" target=\"_blank\" rel=\"noopener noreferrer\">Wortmann AG<\/a><span>\u00a0&#8211; IT made in Germany<\/span><\/p>[\/et_pb_blurb][\/et_pb_column][\/et_pb_row][\/et_pb_section]\n","protected":false},"excerpt":{"rendered":"<p>Wir sind ein dynamisches Dienstleistungsunternehmen und bieten Ihnen schnellen Service bei Ihrer EDV. Ihre Bed\u00fcrfnisse stehen bei uns an erster Stelle. Wir bieten Ihnen alles aus einer Hand. Von der Hardware \u00fcber die Software, wie zum Beispiel Warenwirtschaft, Finanzbuchhaltung, Cloud-Telefonie, \u00fcber Zeiterfassung, bis hin zur Zutrittskontrolle. Wir pflegen und warten auch Ihr Netzwerk. F\u00fcr Ihre [&hellip;]<\/p>\n","protected":false},"author":3,"featured_media":0,"parent":0,"menu_order":5,"comment_status":"closed","ping_status":"closed","template":"","meta":{"_et_pb_use_builder":"on","_et_pb_old_content":"","_et_gb_content_width":"","_exactmetrics_skip_tracking":false,"_exactmetrics_sitenote_active":false,"_exactmetrics_sitenote_note":"","_exactmetrics_sitenote_category":0,"footnotes":""},"class_list":["post-762","page","type-page","status-publish","hentry"],"_links":{"self":[{"href":"https:\/\/edv-schramek.eu\/2018\/wp-json\/wp\/v2\/pages\/762"}],"collection":[{"href":"https:\/\/edv-schramek.eu\/2018\/wp-json\/wp\/v2\/pages"}],"about":[{"href":"https:\/\/edv-schramek.eu\/2018\/wp-json\/wp\/v2\/types\/page"}],"author":[{"embeddable":true,"href":"https:\/\/edv-schramek.eu\/2018\/wp-json\/wp\/v2\/users\/3"}],"replies":[{"embeddable":true,"href":"https:\/\/edv-schramek.eu\/2018\/wp-json\/wp\/v2\/comments?post=762"}],"version-history":[{"count":19,"href":"https:\/\/edv-schramek.eu\/2018\/wp-json\/wp\/v2\/pages\/762\/revisions"}],"predecessor-version":[{"id":1023,"href":"https:\/\/edv-schramek.eu\/2018\/wp-json\/wp\/v2\/pages\/762\/revisions\/1023"}],"wp:attachment":[{"href":"https:\/\/edv-schramek.eu\/2018\/wp-json\/wp\/v2\/media?parent=762"}],"curies":[{"name":"wp","href":"https:\/\/api.w.org\/{rel}","templated":true}]}}